rst derivative of -5*a**3/3 + a**2 - 2*a - 4708. What is s(-2)?
-26
Let g = -8 + 5. Let f(m) be the third derivative of 2 + 0*m + 42*m**2 - 1/60*m**5 - 1/3*m**3 - 5/24*m**4. Calculate f(g).
4
Let t(q) be the first derivative of q**3/3 - 3*q**2 + 5*q - 78052. Let d = -16 + 7. Let b = d + 16. What is t(b)?
12
Suppose t + 3*v = 3*t - 23, 0 = -2*t - v + 3. Suppose 5*g = 4*o - 3, 4*o - 11 = -t*g + g. Let h(k) = -6*k + o*k + 6*k + 4*k. Give h(-1).
-6
Let u = -101 + 94. Let q(c) = 3*c**3 + 10*c**2 - 49*c - 3. Let o(b) = b**3 + 3*b**2 - 18*b - 1. Let y(d) = -11*o(d) + 4*q(d). What is y(u)?
-15
Suppose -4*n + 5*w - 8*w + 20 = 0, -5*n + 30 = 5*w. Let u(o) = 17*o**2 + 4*o - 4. Determine u(n).
72
Suppose 0 = -25*s + 27*s + 200. Let b = 33 + s. Let v = b + 62. Let k(t) = t. Determine k(v).
-5
Let u(x) = 6*x - 94. Let o be ((-51)/(-17))/((-78)/28 - -3). Determine u(o).
-10
Let o(y) = 3*y**2 - 4*y + 14. Suppose -3022*v + 152 = -2984*v. Determine o(v).
46
Let n be 3/(-9)*(6/30*-5 + -8). Let h(q) = q**2 - 9*q + 9. Give h(n).
-9
Let n(a) = -8*a**3 - 13*a + 13. Let z(f) = f**3 + 4*f**2 - 12*f - 14. Let m be z(-1). What is n(m)?
-8
Suppose -5*m + 615 = -825. Let o = -291 + m. Let r(q) = -q**2 - 4*q - 1. Give r(o).
2
Let w(r) be the third derivative of -5*r**4/12 - r**3/6 + 3*r**2. Let d(k) = -6*k**2 - 3*k + 7. Let i be d(-3). Let l = i - -39. Determine w(l).
-11
Let l(n) = -6*n - 233. Let o be l(-39). Let s(h) = -h**3 - 95*h**2 + 196*h**2 - o - 96*h**2. What is s(3)?
17
Let m(n) = -n**2 - 13*n + 5. Let l be 45/10*(26/3 - 10). Give m(l).
47
Let u(r) = 6*r - 4. Suppose -j - 339 = -5*l - 379, -3*j + 1 = 2*l. What is u(j)?
26
Let r(u) = u**2 + 8. Let y(q) = 2. Let k(g) = r(g) - 4*y(g). Let f(c) = 1 + 0 - 6 + c - c**3 - 4*c**2. Let a(z) = f(z) - 2*k(z). Determine a(-6).
-11
Let k(m) = 1. Suppose 0*s - 3*s + x - 4 = 0, 5*s + 9 = 4*x. Let n(i) = i + 9. Let b(d) = s*n(d) + 2*k(d). Suppose -2*l - 9 - 5 = 0. What is b(l)?
0
Let o(v) be the third derivative of -2 - 1/24*v**4 + 5/3*v**3 + 29*v**2 + 0*v. Give o(0).
10
Let l(j) be the second derivative of -j**5/60 + 5*j**4/24 - 31*j**3/6 - j**2/2 + 115*j. Let n(o) be the second derivative of l(o). Give n(6).
-7
Let k(h) = 6 - 3 - 6*h + 1. Suppose a - 18 = -11. Let l be (-12 + a)*(-1)/((-10)/(-6)). Give k(l).
-14
Let y(g) be the third derivative of -g**4/24 + 6*g**3 + 3447*g**2. Calculate y(-11).
47
Suppose s - 24 = -2*l, 4*l + 4*s - 7*s = 48. Let r(x) = 8*x + x**2 - 7 + 10*x**2 + 11 - l*x**2. Determine r(9).
-5
Let g(k) = k + 1. Let y be g(15). Suppose -4*m + 32 = y. Let l be m/2 + -6 + (4 - -1). Let r(z) = 11*z**2 - z. Calculate r(l).
10
Let p(k) = -34*k + k**2 - 65*k + 83*k + 51. Determine p(12).
3
Let w(c) = 3*c**2 - 37*c - 10. Let b = -252 - -256. Let r(m) = m**2 - 13*m - 4. Let h(n) = b*w(n) - 11*r(n). What is h(5)?
4
Let f(s) = s**2 + 438 + 20*s - 33*s - 419. Determine f(11).
-3
Let i(x) = 13*x + 164. Let p(m) = -6*m - 76. Let z(o) = -4*i(o) - 9*p(o). What is z(-16)?
-4
Let m(d) be the second derivative of -7*d**4/12 - 10*d**3/3 + 3*d**2 + 1181*d. What is m(-3)?
3
Suppose 0 = g - 2*y - 8, 0 = -g + 3*g + 3*y + 5. Let n(u) = u**2 + 7*u**2 - u**2 - u**3 - 5 + 2*u**3 - 2*u**g + 5*u. Determine n(-5).
-30
Let w(s) = -s**3 + 12*s**2 + 62*s + 26. Let k be w(16). Let u(d) = -13*d - 17. Calculate u(k).
61
Let h(g) = 2*g**2 - 5*g. Suppose 7*m = 1 + 6. Let y be m/4 + (-513)/(-108). Determine h(y).
25
Let y(x) = -x**2 + 15*x - 36. Suppose -35*k + 28 = 2*c - 32*k, -4*c + 4*k + 36 = 0. Give y(c).
8
Let y(i) = -2*i + 5. Let m(p) = p - 2. Let n = 98 + -99. Let q(x) = n*y(x) - 4*m(x). What is q(-11)?
25
Let c(j) = 4670*j - 1 + 4671*j + 50*j**2 - 49*j**2 - 9339*j. Suppose 2*d = 4*u - 4, -4*d = 5*u - 2 - 3. What is c(u)?
2
Let u = -52 - -58. Let a(v) = 7 - u + 0*v + 0*v - v. What is a(11)?
-10
Let r be 8/(-2) + -22 + 25. Let l(z) = 2*z**2 - 2*z. Let s be l(2). Let i(t) = s*t - 1 - t - t + 6*t. Determine i(r).
-9
Let r = -26/417 - -301/1112. Let o(l) be the third derivative of r*l**4 - 1/2*l**3 + 1/60*l**5 + 0 - 27*l**2 + 0*l. Determine o(-5).
-3
Let v be 65518/10 - 34/(-170). Let t(u) = v - 13098 + 6544 - u. Let w be (-2)/8 + (-54)/8. Calculate t(w).
5
Let n(f) = f**3 - 6*f**2 - 14*f + 54. Let m(q) = q**3 + 12*q**2 + 2*q + 31. Let z be m(-12). Let b be n(z). Let s(h) = h**2 - h + 4. Determine s(b).
24
Let a(u) be the first derivative of -u**4/4 + 4*u**3/3 - u**2/2 - 1. Let r = 315 - 319. Let x be -3*r/12*-4*-1. Give a(x).
-4
Let t(d) = -4. Let l(x) = 3*x - 3. Let m(f) = -2*l(f) + 4*t(f). What is m(0)?
-10
Let p(m) = -10*m - 94 + 3*m**2 + 269 - 57 - 109. Calculate p(6).
57
Let b(z) = z**2 - 62*z - 427. Let v be b(-7). Suppose 4*t - 44 = -4*r, 16*r - v = -5*t + 12*r. Let p(g) = g**3 - 12*g**2 + 2*g - 17. Determine p(t).
7
Suppose 0*o + 2*o = 6. Suppose 22 = o*w - 20. Let d be w/4*(-28)/49. Let a(u) = 3*u + 2. Calculate a(d).
-4
Suppose 4*i = 4*l + l - 30, 30 = 5*l + 5*i. Let q be (4 - 2) + (l - 4). Let x(d) be the first derivative of -d**3/3 + d**2/2 + 3*d + 507. What is x(q)?
-9
Let g(b) = b**3 - 4*b**2 - 3*b + 5. Let i be g(4). Let q be 7/(3/(-6)*i). Let h(r) = -r**2 + 3*r. Give h(q).
2
Let u be (4 + 2)*-7*(-2)/6. Suppose -43 = 5*c + 2*m, 8*m - 13*m + u = -c. Let o(x) = x - 4. Give o(c).
-13
Let u(o) be the first derivative of o**2 - 32*o - 1149. What is u(6)?
-20
Suppose -111 = -t - 3*y, 4*t - 3*y + 345 = 7*t. Suppose 16*q - t = -21. Let u(r) = -6*r + 2. Calculate u(q).
-34
Let u(b) = 2*b**2 + 9*b + 4. Let n be (832/24)/(-8) + 2/6. What is u(n)?
0
Let b = -469 + 459. Let h(p) be the second derivative of 4*p - 1/6*p**3 + 0 - 7*p**2. Give h(b).
-4
Suppose -11*r + 20 = -6*r. Suppose 12 = r*w + 12. Suppose -k + 5 = w, 0 = 5*x + 4*k + k + 15. Let d(b) = b**3 + 8*b**2 - b + 3. Calculate d(x).
11
Let y(t) = -2 + 6*t**2 + 43*t - 22*t - 23*t + 0. Let m(c) = -16*c**2 + 6*c + 5. Let l(a) = -4*m(a) - 11*y(a). Determine l(-2).
-2
Suppose -4*q + 31*b - 32*b - 20 = 0, -4*q - 3*b = 28. Let y(z) = 3*z**2 + 5*z - 4. Calculate y(q).
24
Let t(c) be the second derivative of -c**5/10 - c**4/3 + 13*c**3/6 + 2*c**2 + 27*c + 30. Give t(-4).
16
Let q(m) = 3550 - 6*m - 10658 + 3554 + 3555. What is q(-1)?
7
Suppose -2*w - 290 = -3*q - 68, 4*q - 8 = 0. Let y be (-6)/w*58 + (-2)/9. Let u(g) = 8*g - 2. What is u(y)?
22
Let j(k) = -k - 166*k**3 - 159*k**3 - 2*k**2 + 1 - 166*k**3 + 0*k**2 + 498*k**3. Determine j(-1).
-7
Let v = 0 + 2. Suppose 6*z - 650 = -7*z. Let w(o) = 40 - 2*o**2 + z - 92. Give w(v).
-10
Let p = 7454 + -7452. Let m(q) be the first derivative of -7*q + 1/3*q**3 + 20 - 3*q**p. What is m(7)?
0
Let f(t) = -11*t**3 - 189*t**2 + 6*t + 201. Let o(i) = 4*i**3 + 94*i**2 - 2*i - 100. Let v(m) = 2*f(m) + 5*o(m). Calculate v(46).
-6
Let v(u) = -33*u**3 + 44*u**2 + 12 - 26*u**2 + 9*u + 32*u**3 - 19*u. Give v(17).
131
Let t(y) = -108 + 59 - 13*y - 48 - 143. Determine t(-19).
7
Let n(c) = 2*c**2 + 18*c - 10. Suppose -7 = l + 3*v, 4*l - 15*v + 17*v + 38 = 0. Calculate n(l).
10
Suppose 6 - 41 = -7*c. Let g be ((-56)/(-10))/(2/c). Let m(z) = -14 + 3*z**3 - z - 15*z**3 + g. Give m(1).
-13
Let g(s) = -6*s - 20. Let k(f) = -14*f - 39. Let x(n) = 11*g(n) - 5*k(n). Determine x(-11).
-69
Let u = 3161 - 3181. Let b(a) = -a**3 - 18*a**2 + 38*a - 44. What is b(u)?
-4
Let i(l) = -26*l + 1. Let f be (-7 + (-12)/(-5 - 2 - -5))*2. Determine i(f).
53
Suppose -2*r + 7*w = 5*w, 3*r + 3 = 4*w. Let i(s) = 12*s + 5*s - 5 - 5*s. Let q(u) = 6*u - 2. Let j(h) = r*i(h) - 7*q(h). Calculate j(1).
-7
Let k be (307 + -2)/(2 + -3). Let o = k - -309. Let l(b) = -b - 4. Calculate l(o).
-8
Let v(h) = -389*h + 26 + 23 - h**2 + 775*h - 393*h. Determine v(4).
5
Let m(d) be the second derivative of 19*d**3/3 + 37*d**2/2 - 151*d + 9. Give m(-1).
-1
Let d(s) = 3*s + 14*s - 2*s - 1. Suppose 17*l - 22*l + 5 = 0. Give d(l).
14
Let d be (-5 - -5) + (0 - 0). Let u be ((-18)/12)/(-3)*4. Let f(x) = -13 - 18*x + 4*x**2 + 19*x - 5*x**u + 1 + 3. Determine f(d).
-9
Let s(q) = 11*q**2 + 13*q - 19. Let f(m) = -19*m**2 - 28*m + 35. Let l(c) = -4*f(c) - 7*s(c). What is l(14)?
91
Let s be 9 + (13 - 11)*-2. Let w(g) be the third derivative of 0*g + 0 + 0*g**4 + 14*g**2 + 1/6*g**3 - 1/60*g**s. Give w(3).
-8
Let y(h) be the first derivative of h**3/3 - 7*h**2 + 38*h + 3837. Calculate y(9).
-7
Let n(b) = -30*b + 0*b**2 +